41.
1249
What is the highest common divisor of 1359390 and 5?
5
What is the greatest common factor of 139774 and 18547?
17
Calculate the highest common factor of 3312 and 2367436.
92
Calculate the highest common divisor of 406 and 105773962.
406
Calculate the greatest common factor of 49548 and 779052.
12
What is the highest common factor of 2 and 715948360?
2
Calculate the highest common factor of 174442944 and 13.
13
Calculate the highest common divisor of 4639007 and 914.
457
Calculate the greatest common divisor of 10053296 and 55448.
1912
What is the greatest common divisor of 3875704 and 294?
98
Calculate the highest common factor of 91745650 and 801.
89
Calculate the highest common factor of 24 and 4072168488.
24
Calculate the greatest common factor of 516 and 5314.
2
What is the highest common divisor of 1559280 and 645?
15
Calculate the greatest common divisor of 181232760 and 120.
120
Calculate the greatest common divisor of 30378 and 259494.
366
What is the greatest common divisor of 1934188 and 642087?
7927
Calculate the greatest common factor of 525 and 231745500.
525
Calculate the highest common divisor of 15 and 183136161.
3
What is the highest common divisor of 705 and 4372175?
235
Calculate the highest common divisor of 4738 and 1959060.
206
Calculate the highest common divisor of 35694351 and 3186.
1593
Calculate the greatest common factor of 239414 and 1396.
698
Calculate the greatest common divisor of 1328989 and 3308.
827
What is the greatest common factor of 857973 and 867?
51
Calculate the highest common factor of 494 and 118142.
38
Calculate the greatest common factor of 448335083 and 14.
7
Calculate the greatest common factor of 774 and 193364206.
86
Calculate the highest common divisor of 6720311 and 481.
13
What is the highest common factor of 26953155 and 1830?
915
What is the greatest common divisor of 16 and 802864624?
16
What is the highest common factor of 1377578 and 102?
34
Calculate the greatest common factor of 28 and 2080444.
4
What is the highest common factor of 1119188472 and 136?
136
Calculate the greatest common divisor of 196418 and 4114.
34
What is the highest common divisor of 10815857 and 91?
13
What is the greatest common divisor of 5990 and 87872102?
1198
Calculate the highest common divisor of 20 and 208764330.
10
Calculate the greatest common factor of 63013 and 461099.
61
What is the highest common factor of 30984 and 126816?
24
What is the highest common divisor of 608 and 394560?
32
Calculate the greatest common divisor of 20062 and 75536296.
2866
What is the highest common factor of 20243 and 660183?
653
What is the greatest common factor of 61962107 and 28781?
1693
Calculate the greatest common divisor of 1872 and 23087142.
234
What is the greatest common divisor of 784 and 213288768?
784
Calculate the greatest common divisor of 1363775 and 10325.
175
What is the greatest common divisor of 10069917 and 451?
11
What is the greatest common divisor of 3759 and 117209379?
3759
What is the highest common divisor of 1329325 and 575?
25
Calculate the greatest common factor of 18200 and 38104.
8
Calculate the greatest common factor of 29536 and 31453994.
1846
Calculate the highest common factor of 140679 and 4733960.
2233
What is the highest common factor of 11112886 and 9512?
82
What is the highest common factor of 527834 and 73162?
314
Calculate the greatest common divisor of 499824 and 3861.
351
Calculate the highest common factor of 165 and 46655970.
15
Calculate the highest common factor of 10224 and 123096392.
568
Calculate the greatest common divisor of 3746 and 266786374.
3746
Calculate the greatest common divisor of 105 and 3813635.
35
What is the greatest common factor of 2933 and 4215978?
419
Calculate the greatest common factor of 269032122 and 72.
18
What is the highest common factor of 4 and 2615602?
2
What is the greatest common divisor of 23877 and 17997?
21
Calculate the highest common divisor of 991 and 300501921.
991
Calculate the greatest common divisor of 342348825 and 2435.
2435
Calculate the greatest common factor of 660 and 275965866.
66
Calculate the greatest common divisor of 8601264 and 12720.
2544
Calculate the greatest common factor of 3 and 1216340532.
3
What is the greatest common factor of 1499352 and 2490?
6
Calculate the greatest common divisor of 286 and 30479436.
26
What is the highest common divisor of 2594926 and 109061?
191
What is the highest common factor of 247 and 470314?
13
What is the greatest common divisor of 5274 and 27247242?
1758
Calculate the highest common divisor of 161729462 and 232.
58
What is the highest common divisor of 139890255 and 90?
15
Calculate the highest common divisor of 2804 and 104584994.
1402
Calculate the greatest common factor of 3 and 72047061.
3
What is the greatest common factor of 88168 and 307970?
206
What is the greatest common divisor of 657878 and 30901?
13
Calculate the highest common divisor of 342 and 325171638.
18
Calculate the greatest common divisor of 93520667 and 2483.
191
Calculate the greatest common factor of 127020922 and 14.
14
What is the greatest common factor of 11506604 and 11842?
382
What is the greatest common divisor of 49709495 and 17490?
2915
Calculate the greatest common factor of 4784268 and 41220.
2748
What is the highest common factor of 163925425 and 9400?
1175
What is the highest common divisor of 256 and 3040368?
16
What is the greatest common factor of 5253276 and 168?
84
What is the greatest common factor of 10998884 and 344?
172
Calculate the greatest common factor of 973245304 and 654.
218
Calculate the greatest common factor of 17308192 and 352.
352
What is the highest common divisor of 14547435 and 11865?
105
What is the highest common divisor of 20 and 16443085?
5
Calculate the greatest common divisor of 244168 and 5888.
184
What is the greatest common factor of 1338686 and 1506410?
3106
What is the highest common factor of 11596315 and 1010?
505
Calculate the highest common factor of 7796130 and 471120.
4530
What is the highest common divisor of 1030185 and 28977?
39
Calculate the highest common divisor of 756 and 46789524.
36
Calculate the highest common divisor of 29305 and 1490.
5
What is the greatest common factor of 8256 and 88010250?
258
What is the greatest common factor of 6615 and 8893500?
735
What is the greatest common factor of 898 and 472450372?
898
Calculate the highest common factor of 21280 and 2235744.
224
What is the greatest common factor of 1052992 and 14656?
64
What is the greatest common divisor of 72327882 and 10689?
1527
What is the greatest common factor of 2110 and 978577910?
2110
What is the greatest common factor of 118462500 and 44226?
6318
Calculate the greatest common divisor of 122221 and 16277.
41
What is the highest common factor of 1023 and 57640253?
341
What is the greatest common factor of 278 and 14228318?
278
What is the greatest common factor of 8757758 and 109216?
6826
Calculate the highest common factor of 1956294 and 108432.
4518
Calculate the greatest common factor of 26612163 and 3.
3
Calculate the highest common factor of 1400 and 160680912.
56
What is the highest common divisor of 28294 and 11954?
86
Calculate the highest common divisor of 120750025 and 825.
275
What is the greatest common divisor of 248 and 19068596?
124
Calculate the greatest common divisor of 9902224 and 3.
1
What is the highest common factor of 2322 and 78098688?
54
What is the greatest common divisor of 706056 and 412464?
312
What is the greatest common divisor of 8600 and 86575?
25
Calculate the greatest common factor of 2992 and 3765058.
374
Calculate the greatest common divisor of 1892 and 24892571.
473
What is the greatest common factor of 1785 and 924885?
255
What is the highest common factor of 2032 and 3093466?
254
What is the highest common factor of 1860 and 3833770?
310
What is the greatest common factor of 426 and 640455429?
213
What is the highest common factor of 254787 and 4734340?
1807
What is the greatest common divisor of 895 and 190660?
5
Calculate the highest common divisor of 36061579 and 503.
503
Calculate the highest common divisor of 1562022 and 165186.
2898
What is the greatest common divisor of 65578284 and 59156?
2572
Calculate the gr